 5*c = 5*r + 15. Suppose 3*y - 5 = 4. Let l(n) = -4*n**3 - n**2 + 4 + 3*n**y - 2*n - 4*n**2. Give l(r).
-4
Let y(q) = -q**3 + q**2 - 5*q - 4. Let z(l) = -3*l**3 + l**2 - 11*l - 9. Let i(p) = -5*y(p) + 2*z(p). Give i(-4).
6
Let g(p) = p + 20. Let y be g(-14). Let u(s) = -y - 2*s - 2 + 3*s. Calculate u(6).
-2
Let v(z) = 3*z**2 - 18*z + 11. Let g be v(5). Let s(h) = -2*h**2 - 5*h + 3. What is s(g)?
-9
Suppose -5*p + 9*b = 5*b + 9, b = p + 1. Let d(c) = c**2 + 6*c - 3. Determine d(p).
-8
Let n(h) = h - 2. Let l be n(3). Let g(r) = -35*r + 14. Let a(d) = -12*d + 5. Let m(c) = -11*a(c) + 4*g(c). Calculate m(l).
-7
Let p(o) = 2*o - 4. Let z(h) = h - 1. Let k(f) = p(f) - 3*z(f). Calculate k(-6).
5
Suppose 5*o = 12*o - 21. Let t(g) = 6*g + 3. What is t(o)?
21
Suppose -5*u + 12 = 17. Let f(i) = 10*i - 1. Calculate f(u).
-11
Let u(x) = x**3 - 8*x**2 + 7*x. Suppose -4*a + 3*t + 13 = 0, 5*a + 13 = 4*a + 4*t. What is u(a)?
0
Let m = 3 - 0. Let i = m + -8. Let h(p) = -p**2 - 6*p - 4. Calculate h(i).
1
Let v(c) = -c**3 + 7 + 0*c**2 - c - 8 - 2*c**2. Let i = 9 + -10. What is v(i)?
-1
Let t(b) = -b**2 - 2 + b**3 - b - 1 + 5*b**2. Let p be 8/(-5 + 1 + 2). Calculate t(p).
1
Let u(k) = -k**2 + 3*k + 14. Let i be u(6). Let d(v) = -v**2 - 2*v + 3. What is d(i)?
-5
Let a be (-3)/(-6)*50 - -2. Suppose -64 = -4*i - 4*v, i + v - a = -i. Suppose -1 = 2*x + g - i, 6 = 3*g. Let t(n) = n + 1. Determine t(x).
5
Let w(x) be the second derivative of 7/6*x**3 + 0 + 1/2*x**2 + 6*x. Calculate w(-1).
-6
Let b = 10 - 8. Let z(k) = -k + 3*k - 3*k - 2 + b*k. Suppose 0*f + 6 = 3*f. Determine z(f).
0
Let r(l) be the first derivative of -2 - 1/3*l**3 + l + l**2. Calculate r(2).
1
Let b(c) = -c**2 + c + 6. Let l(x) be the first derivative of -x**3/3 - 11*x**2/2 - 9*x + 3. Let t be l(-11). Let o = t + 9. What is b(o)?
6
Let r(y) = y**3 - y**2 - y + 26. Let n = -117 - -117. Calculate r(n).
26
Let g(v) = -v + 4. Let i = 3 - 9. Let h = i - -9. Give g(h).
1
Let i(d) = d**2 - 4*d - 6. Suppose -4*h + 20 = -0*h. Calculate i(h).
-1
Let l(m) = m**3 + 3*m**2 - 5*m + 4. Let j = 39 + -44. What is l(j)?
-21
Let x(t) = -t**2 - 4*t. Let p be x(-6). Let r = -6 - p. Let v(b) = 4*b + 0*b + r - 2*b - b. Determine v(-5).
1
Let t(x) = x**3 - 3*x**2 - 5*x + 2. Suppose 0 = -7*d + 42 - 14. What is t(d)?
-2
Let h(n) = -n + 0*n - 8 + 7. Determine h(-2).
1
Let j(q) be the first derivative of q**4/24 + q**3/2 - 5*q**2/2 + 6. Let k(y) be the second derivative of j(y). Give k(-2).
1
Let z(r) = r - 5. Let h(d) = -2*d + 4. Let y = 1 + 2. Let m(b) = y*z(b) + 4*h(b). Suppose -1 = -0*n - n. Give m(n).
-4
Let x(j) be the second derivative of -j**4/12 + 4*j**2 - 3*j. Let v(d) = d + 9. Let c(p) = 9*p. Let y be c(-1). Let m be v(y). Give x(m).
8
Suppose -a = r - 12, -r - 4*r - a = -60. Let m = r - 8. Let k(p) = -4*p**2 + 2*p**2 + 3*p**2 + m - 4*p. What is k(4)?
4
Let v(h) be the third derivative of -1/6*h**4 - 4*h**2 + 1/20*h**5 + 0*h + 0 + 1/120*h**6 + 1/2*h**3. Give v(-4).
3
Let k(x) = -2*x - 5. Suppose -10*i - 48 = 2*i. What is k(i)?
3
Let h(r) be the second derivative of r**3/6 - 9*r**2/2 + 2*r + 19. Give h(5).
-4
Let n(r) = -2*r**3 + 3*r**2 - 2*r - 1. Let u be n(1). Let c(h) = 4*h**3 + 2*h**2 - 2*h - 1. Determine c(u).
-21
Let u(q) = -5*q**2 - 2*q + 2. Let w be u(-2). Let g = 9 + w. Let d = g + 5. Let s(b) = b**3. Determine s(d).
0
Let d(i) = i**2 - 1. Let o(r) = 2*r - 5. Let g be o(5). Suppose -m - 24 = g*c, m + 4*m = 3*c + 20. Determine d(m).
0
Let o(m) be the first derivative of -m**4/4 - 5*m**3/3 - 5*m**2/2 + 2*m - 11. Let j = -9 - -5. What is o(j)?
6
Let q(b) be the second derivative of 0*b**2 + 9*b + 1/6*b**4 + 0 + 5/6*b**3 - 1/20*b**5. What is q(4)?
-12
Let u(p) = -3*p - 3. Suppose -14*n = -13*n + 3. What is u(n)?
6
Suppose 3*o + 20 = 2. Let x(k) = -k**3 - 7*k**2 - 8*k. Calculate x(o).
12
Let i = 52 + -57. Let c(p) = -p**2 - 3*p + 2. What is c(i)?
-8
Let k(l) = 10*l**2 - 1. Let d(w) = 2*w**2 + w - 1. Let j be d(1). Let v be j/(-8) - 10/(-8). Give k(v).
9
Suppose -3*g - 5*u = 0, 5*g + 13 + 0 = -4*u. Let s(p) = p**2 - p + 5. What is s(g)?
35
Let b be 6/(-14) + (-102)/(-42). Suppose 0 = -2*l + 6, -b*s - 5*l + 3 = -4*l. Let a(k) = -k**3 + k**2 - k - 6. Calculate a(s).
-6
Let x(h) be the second derivative of h**4/6 + h**2/2 + 7*h. Calculate x(2).
9
Suppose 2*w + w = -5*v + 38, 4*w - 40 = -4*v. Let j(f) = 14*f - 29. Let g(a) = 5*a - 10. Let t(m) = w*j(m) - 17*g(m). Suppose i - 24 = 5*i. What is t(i)?
2
Let p(t) be the first derivative of 5*t**3/3 - t + 14. What is p(-1)?
4
Let m(q) = -q**3 - 3*q**2 + q + 4. Let j be m(-3). Let r(c) = c**2. Let o(k) = -k + 4 - 1 + 4*k - 2*k**2. Let t(z) = j*o(z) + r(z). Calculate t(4).
-1
Suppose 4*j - 1 = 2*p + 17, -9 = -4*j - p. Let a(y) = y**2 - 2*y + 2. Let u be a(j). Suppose 0 = -c + 1, 2*c - 7*c = u*o. Let h(g) = -6*g. Give h(o).
6
Let f(k) = -2*k**3 - 17*k**2 - 9*k - 10. Let g be f(-8). Let o(i) = i**3 + 2*i**2 + i + 2. Calculate o(g).
0
Suppose 15 = 3*c + s, c + 3 = 4*c + 5*s. Let d = 17 - 14. Let p(g) = 6 - 4 - d - c*g. What is p(1)?
-7
Let c(j) = -j - 10. Let w = 86 - 86. Give c(w).
-10
Suppose 0*k = 3*k + 18. Let w(o) = o**2 + 6*o - 4. Let v be w(k). Let u(b) = 2*b + 3 - 2*b**2 - 7 + 3*b**2 + 2. Determine u(v).
6
Let x(m) = m**2 - 10. Let b be (-4)/16*0/2. Calculate x(b).
-10
Let m(j) = -j**2 + j + 4. Let g(h) = 5*h**2. Let y be g(-1). Suppose 0 = -y*n + n + 4. Let u = 4 - n. Give m(u).
-2
Let x(f) = -4*f + 11. Let y(o) = 3*o - 10. Let k(q) = 2*x(q) + 3*y(q). Suppose 2*m + 0*m = 6. Let n(i) = -i**2 + 3*i. Let v be n(m). Give k(v).
-8
Let j = -111 - -115. Let q(v) = -v**3 + 3*v**2 + 3*v - 5. Give q(j).
-9
Let x be -2 + (8 + -2 - 0). Let z be (-2)/(-15) - (-172)/60. Let s(q) = z*q**3 - 5*q**3 + q**3 + x - q + 3*q**2 + 0*q. What is s(3)?
1
Suppose 5*w - 3 = -13. Let k be (w/1)/1 + 1. Let u(q) = -q**3 - q**2. Give u(k).
0
Let r(q) = q**3 - 4*q**2 - 3*q + 4. Let a(x) = -x**3 + 6*x**2 + 4. Let k be a(6). Suppose -4*o = -16 - k. Calculate r(o).
14
Let a(b) be the second derivative of -b**4/12 - 5*b**3/6 - 2*b**2 - 2*b + 10. Give a(-7).
-18
Let h(k) = k**2 - 5*k + 7. Suppose -2*v + 18 = -4*t, -2*t = -3 + 7. Calculate h(v).
7
Let w(m) be the third derivative of m**6/120 + 2*m**2. Let s(p) = -17 + 3*p + 16 - 2*p. Let y be s(2). Give w(y).
1
Let n(d) be the third derivative of -d**6/30 - d**5/60 + d**4/12 - d**3/6 - 6*d**2 + 1. Suppose 3*r = 7 - 4. What is n(r)?
-4
Let f(m) be the third derivative of -m**6/360 - m**5/40 + m**4/24 + 3*m**2. Let b(p) be the second derivative of f(p). Calculate b(-5).
7
Let q(o) = 1 + 3*o + 2*o - 3*o + 0. Calculate q(6).
13
Suppose -4*c + 3*i - 8 = -2*i, -4*c + 4*i - 8 = 0. Let n(j) = -6*j + 1. Let m(q) = -30*q + 4. Let w(r) = 3*m(r) - 14*n(r). Calculate w(c).
10
Let f be (-3*1)/((-6)/8). Let i(s) = 15*s + 9*s + 5 - 27*s + 0. Determine i(f).
-7
Suppose 5*z + 2*v - 3*v - 29 = 0, 2*z = -4*v - 6. Let q(n) = n + 3. Calculate q(z).
8
Let t(a) be the third derivative of -a**4/24 + a**2. Let p be t(0). Let s(g) = g**3 - g**2 + g + 5. Calculate s(p).
5
Let o(t) = -8*t + t**3 + 18*t + 6*t**2 - 8*t + 2 + 2. What is o(-4)?
28
Let i(h) be the first derivative of h**4/4 + 2*h**3 + 3*h**2/2 + 7*h + 1. Let s be ((-9)/4)/((-15)/(-40)). Give i(s).
-11
Let g(s) be the second derivative of 0 - 5/12*s**4 + 3/2*s**2 + 1/2*s**3 + s + 1/20*s**5. Let d(x) = 1. Let u(a) = 2*d(a) + g(a). Determine u(4).
1
Suppose 3*s - 11 = -a, 4*a + 2*s = -2*s + 28. Suppose m + c - 12 = a*m, 2*c = 3*m + 4. Let f(t) = -2*t + 1. Give f(m).
9
Let n(g) be the first derivative of g**2 + 14*g + 8. Let l be n(-7). Let s(v) be the second derivative of v**5/20 + v**2/2 + v. What is s(l)?
1
Let f = 122 + -117. Let r(y) = -2 - 3 - y**2 + 2*y**2 - 5*y. Determine r(f).
-5
Let y(v) = 8*v + 5. Let p(z) = 12*z + 10. Let f(n) = -5*n + 4*n - 3 + 2. Let d(i) = 21*f(i) + 3*p(i). Let w(r) = -6*d(r) + 11*y(r). Give w(1).
-1
Let b be (0 + 1)/(5/(-110)). Let g be b/(-10) + 4/(-20). Let r(s) be the second derivative of s**3/6 - 3*s**2/2 - s. Calculate r(g).
-1
Let v(h) = h**3 + 6*h**2 + 7*h + 7. Suppose 2 = 3*n - 7. Suppose -s + 3*q = 2*q + n, -2*s = -4*q + 2. Calculate v(s).
-3
Let t(m) be the second derivative of -m**3/3 + 3*m**2/2 - 7*m. What is t(5)?
-7
Let m be 0*(-1 - 1)/(-4). Let d be 10 + m + -6 + 2. Let c(x) =